t(r) = 6243*r + 3377459. Give t(-541).
-4
Let k(l) = -l**3 - 26*l**2 + 620*l + 1102. Calculate k(-41).
897
Let l(b) = -84*b**2 + 4207*b - 301. Give l(50).
49
Let v(r) = r**3 - 40*r**2 - 2346*r + 95451. Give v(43).
120
Let r(j) = 326599*j + 10777763. Calculate r(-33).
-4
Let l(u) = u**3 - 3*u**2 - 100*u + 10. Give l(13).
400
Let u(q) = -267*q + 4290. Give u(19).
-783
Let j(y) = 1005*y**2 - 6920*y + 5. What is j(7)?
810
Let z(y) = -y**3 + 93*y**2 + 88*y + 572. What is z(94)?
8
Let f(o) = 94*o - 1305. Give f(7).
-647
Let j(z) = 121802*z + 258. Calculate j(0).
258
Let r(i) = 724*i**2 + 3719*i + 459. What is r(-5)?
-36
Let x(g) = 5*g**2 - 1338*g + 56046. Determine x(52).
-10
Let h(r) = 45117*r - 361196. Determine h(8).
-260
Let b(f) = -34*f**2 - 897*f + 4454. Give b(5).
-881
Let f(i) = -i**3 + 968*i**2 - 25378*i - 27290. What is f(941)?
-1
Let v(h) = -h**3 + 209*h**2 - 5404*h + 6075. Determine v(179).
-11
Let x(i) = -i**3 + 21*i**2 - 67*i + 1379. What is x(21)?
-28
Let h(m) = 22993*m + 183956. Calculate h(-8).
12
Let z(v) = -14*v**2 - 3469*v + 24197. Give z(7).
-772
Let u(i) = -2*i**3 - 31*i**2 - 82*i + 186. Determine u(-5).
71
Let o(n) = 87*n**2 - 17377*n + 12764. Determine o(199).
28
Let d(a) = 613601*a - 1. Calculate d(0).
-1
Let w(r) = r**2 + 460*r + 3528. Determine w(-8).
-88
Let j(o) = 1567*o - 13802. Determine j(10).
1868
Let d(g) = -g**2 + 323*g - 10362. Calculate d(37).
220
Let b(x) = x**3 - 61*x**2 + 1544*x - 99585. Determine b(62).
-13
Let s(k) = -8*k**2 + 19455*k + 136610. Give s(-7).
33
Let u(a) = -57*a**2 + 17390*a - 800. Determine u(305).
725
Let v(p) = p**3 + 30*p**2 + 2166*p + 41524. Give v(-21).
7
Let d(x) = -14*x**3 - 56*x**2 + 1184*x + 4753. Give d(-4).
17
Let f(q) = 3683*q - 1462177. Determine f(397).
-26
Let d(b) = -32*b**3 - 192*b**2 - 7*b - 27. Calculate d(-6).
15
Let j(v) = -4*v**3 - 245*v**2 - 1334*v - 15. What is j(-6)?
33
Let v(n) = n**2 - 1886*n - 438. Give v(0).
-438
Let j(o) = o**3 + 11*o**2 - 745*o + 429. Give j(22).
11
Let y(l) = 19*l**3 + 16*l**2 + 2707*l + 2708. Calculate y(-1).
-2
Let z(x) = -244*x + 23419. Give z(96).
-5
Let s(v) = -v**3 - v**2 + 4*v - 2. What is s(2)?
-6
Let s(c) = 7*c**2 - 106*c + 1094. Calculate s(15).
1079
Let q(r) = r**3 - 202*r**2 - 34743*r - 4. Give q(313).
-4
Let x(w) = -2*w**2 + 41177*w + 3389956. Calculate x(-82).
-6
Let b(y) = y**3 - 22*y**2 + 122*y - 1473. Give b(20).
167
Let v(a) = -32*a**3 + 1950*a**2 + 114*a + 38. Calculate v(61).
-450
Let u(t) = -231*t**2 + 1111*t + 1660. What is u(6)?
10
Let n(s) = -s**3 + 23*s**2 + 21*s - 464. Give n(6).
274
Let g(j) = 15038*j + 390996. Determine g(-26).
8
Let q(s) = -1641*s + 105016. Determine q(64).
-8
Let o(p) = -p**2 - 861*p - 50247. What is o(-63)?
27
Let q(m) = 2*m**2 + 24*m - 679. Calculate q(11).
-173
Let l(b) = -2*b**3 + 16*b**2 + 88*b - 634. What is l(9)?
-4
Let u(f) = -4219*f + 527373. Give u(125).
-2
Let a(n) = n**2 + 1895*n + 120722. Determine a(-66).
8
Let o(z) = 556*z**3 + 11122*z**2 - 27*z + 81. What is o(-20)?
1421
Let t(v) = -4*v**3 + 12*v**2 - 18*v + 83. Determine t(8).
-1341
Let g(m) = -153*m**2 - 332*m + 1000. What is g(3)?
-1373
Let a(k) = k**2 + 195*k - 8037. What is a(-231)?
279
Let g(f) = 2577*f + 10507. Determine g(-4).
199
Let z(s) = s**2 + 31*s - 1437. What is z(33)?
675
Let n(w) = 485*w + 2094. Give n(-5).
-331
Let v(n) = -n**3 - 102*n**2 + 2170*n + 1196. Determine v(-120).
-4
Let l(f) = -158*f**3 + 3*f**2 + 11*f - 11. Give l(1).
-155
Let c(m) = m**3 + 240*m**2 - 1232*m - 1383. Give c(-245).
332
Let d(c) = -122*c - 6535. Determine d(-55).
175
Let p(l) = -61*l**2 - 68*l + 225. Determine p(5).
-1640
Let r(j) = -j**2 - 1936*j - 36995. Give r(-19).
-572
Let o(x) = -x**2 - 6187*x + 1622631. What is o(252)?
3
Let a(v) = -98*v + 2843. Determine a(20).
883
Let b(h) = -h**3 - 9*h**2 - 307704*h - 2153821. Give b(-7).
9
Let k(p) = -p**2 + 272*p + 79002. What is k(-176)?
154
Let l(s) = -5*s**3 + 348*s**2 + 138*s - 9. Calculate l(70).
-149
Let b(y) = -49*y**2 - 599*y + 628. What is b(-13)?
134
Let u(f) = 11626*f + 244450. Determine u(-21).
304
Let v(h) = -778*h - 58219. Calculate v(-74).
-647
Let h(d) = 9100*d + 1192078. What is h(-131)?
-22
Let h(f) = -1588*f + 779864. What is h(491)?
156
Let h(u) = 2*u**3 + 51*u**2 + 100*u + 299. Give h(-25).
-1576
Let v(n) = -9264*n**2 - 83365*n + 91. Determine v(-9).
-8
Let z(a) = 15*a**2 + 122*a + 537. What is z(-6)?
345
Let i(k) = k**2 + 99*k + 915. Calculate i(-87).
-129
Let k(t) = -9*t**2 + 319*t + 677. Give k(41).
-1373
Let n(v) = 40675*v - 162668. Calculate n(4).
32
Let f(g) = -2*g**3 - 14*g**2 + 79*g + 760. Calculate f(-9).
373
Let d(y) = 5*y**2 - 904*y + 4969. Calculate d(175).
-106
Let c(o) = 98*o**3 + 3142*o**2 + 99*o - 2984. What is c(-32)?
-8
Let y(p) = -p**3 + 96*p**2 + 539*p - 33544. Calculate y(98).
70
Let w(g) = 4*g**2 - 12525*g - 87867. Give w(-7).
4
Let n(s) = 86*s**3 + 930*s**2 - 193*s - 35. What is n(-11)?
152
Let c(x) = 2454*x - 2215999. Determine c(903).
-37
Let o(k) = 5*k**2 + 140*k + 1164. Determine o(-9).
309
Let b(c) = 469*c**2 + 9*c - 8. What is b(1)?
470
Let g(w) = 9*w**2 + 139*w + 138. Determine g(-8).
-398
Let x(k) = 2*k**3 + 82*k**2 + 522*k - 146. Give x(-33).
52
Let m(a) = a**3 - 32*a**2 + 276*a - 1. Determine m(21).
944
Let r(h) = -h**3 - 75*h**2 + 486*h + 564. Determine r(-81).
564
Let f(d) = -5744*d + 603245. Give f(105).
125
Let z(a) = 1884*a - 467239. What is z(248)?
-7
Let t(h) = -10*h**2 - 2*h - 148. Determine t(-5).
-388
Let u(s) = -11*s**3 + 2*s**2 + 1379*s + 6833. Determine u(-5).
1363
Let l(v) = v**2 + 116*v - 5. Give l(-118).
231
Let m(r) = r**3 - 24*r**2 - 116*r - 25. Calculate m(-4).
-9
Let v(c) = 277*c - 119116. Calculate v(430).
-6
Let c(y) = 4*y**2 - 1724*y + 12028. Give c(7).
156
Let u(w) = 4251*w + 35739. Calculate u(-8).
1731
Let r(q) = q**3 - 341*q**2 + 10704*q + 44. Determine r(35).
-166
Let z(o) = 3*o**2 - 88*o - 38603. Give z(-100).
197
Let x(c) = -c**2 + 4*c + 574. Calculate x(40).
-866
Let k(j) = -79*j**2 + 1283*j - 224. Determine k(16).
80
Let g(i) = -3*i**2 - 116*i + 1030. Calculate g(-46).
18
Let f(p) = 9544*p + 200319. Give f(-21).
-105
Let y(q) = -2541*q - 81321. What is y(-32)?
-9
Let v(o) = -2*o**3 - 39*o**2 - 190*o + 16. What is v(-14)?
520
Let h(n) = n**3 + 47*n**2 - 7*n - 248. Give h(-47).
81
Let o(d) = 30*d**3 + 29*d**2 - 27*d - 6. Give o(3).
984
Let t(f) = -17*f**2 + 1416*f - 1280. Calculate t(83).
-865
Let v(g) = -412*g - 9991. Determine v(-25).
309
Let p(n) = -n**3 - 9*n**2 + 12899*n + 116104. Determine p(-9).
13
Let x(u) = 2*u**3 - 12*u**2 + 1122*u - 7999. Give x(7).
-47
Let q(v) = -3*v**2 + 230*v - 1476. Give q(78).
-1788
Let w(i) = -536*i + 30999. Determine w(58).
-89
Let a(q) = 424*q - 2531. What is a(9)?
1285
Let v(s) = -s**3 - 14*s**2 - 50*s - 1657. Give v(-18).
539
Let m(s) = 2*s**3 - 123*s**2 - 177*s - 29. Determine m(63).
727
Let x(u) = -2*u**2 + 129*u + 6764. What is x(-34)?
66
Let v(g) = g**3 + 14*g**2 + 1173*g + 15100. Calculate v(-13).
20
Let l(k) = 8*k**3 - 64*k**2 + 15*k - 222. Calculate l(7).
-509
Let g(t) = 2*t**3 - 15*t**2 - 167*t + 1172. Calculate g(-9).
2
Let o(g) = 15*g**3 - 187*g**2 + 356*g + 4. Give o(2).
88
Let c(u) = -9*u**2 + 248*u + 616. What is c(28)?
504
Let x(b) = 2238*b + 183516. What is x(-82)?
0
Let l(a) = -55*a**3 - 86*a**2 + 7*a + 95. What is l(-1)?
57
Let h(y) = -2*y**2 + 1328*y + 2664. What is h(-2)?
0
Let w(h) = -928*h - 2694. What is w(-4)?
1018
Let t(w) = -6*w**3 - 98*w**2 - 6*w + 128. What is t(-16)?
-288
Let n(z) = -4*z**3 - 8*z**2 - 2127*z - 12718. Calculate n(-6).
620
Let c(p) = 4000*p + 980004. Calculate c(-245).
4
Let t(q) = 297*q - 7990. Calculate t(29).
623
Let p(o) = 17*o**2 + 154*o + 853. What is p(-15)?
2368
Let o(p) = -3*p**2 - 3*p + 34. Determine o(-7).
-92
Let f(m) = 141995*m + 851976. Determine f(-6).
6
Let c(b) = -b**3 - 125*b**2 + 86*b + 10794. Give c(-125).
44
Let h(r) = -10*r**3 + 39*r**2 - 4*r + 7. Determine h(-3).
640
Let x(j) = -12*j**2 - 1224*j - 5816. Determine x(-5).
4
Let u(m) = 9*m**2 - 742*m + 2495. What is u(79)?
46
Let u(g) = -g**3 + 13*g**2 + 2232*g - 13391. What is u(6)?
253
Let d(l) = -l**3 + 4*l**2 + 13760*l - 68767. Calculate d(5).
8
Let a(l) = 1276*l - 6428. Calculate a(5).
-48
Let k(d) = -3*d**2 + 1054*d + 574811. Determine k(-296).
-21
Let